at is 21224 - 1652?
18462
In base 12, what is -1a627 - a22?
-1b449
In base 8, what is 2 + 10031?
10033
In base 13, what is 5 + -30a319?
-30a314
In base 16, what is 3dd4 - -1e2?
3fb6
In base 3, what is -111112 - 1201121021111?
-1201121210000
In base 6, what is -1314005543 + -5?
-1314005552
In base 10, what is -106 - -589813?
589707
In base 12, what is 56 - 1630a?
-16274
In base 2, what is 1101100110011001010101 + -10001001?
1101100110010111001100
In base 14, what is 0 - -11d844?
11d844
In base 12, what is -34 - -27074?
27040
In base 13, what is 1a6840 + 28?
1a6868
In base 15, what is 86eb6 - 348?
86b6d
In base 13, what is -5546 + 43a?
-5109
In base 9, what is 6 - -1321854?
1321861
In base 15, what is -1a476 - -70?
-1a406
In base 9, what is -58 + 2607230?
2607161
In base 4, what is -2333322 - -213113?
-2120203
In base 10, what is 5 - 154073544?
-154073539
In base 3, what is 12100002120000122022 + 12?
12100002120000122111
In base 12, what is -6974 - 228a?
-9042
In base 14, what is -73b9 - -167?
-7252
In base 3, what is -20021222 + -112002200?
-202101122
In base 13, what is 7 + -6208a6?
-62089c
In base 8, what is 176646 - 675?
175751
In base 4, what is -2130232322011 + 2?
-2130232322003
In base 3, what is -11 + 2002212200200020?
2002212200200002
In base 2, what is 1 + -10010110001101001100110?
-10010110001101001100101
In base 13, what is 9612 - -25?
9637
In base 12, what is 5a88a + 2a?
5a8b8
In base 13, what is 611a36 - -1?
611a37
In base 6, what is -150415443350 - -1?
-150415443345
In base 3, what is -10000120122 - -10010?
-10000110112
In base 4, what is 2001031010203 - -3?
2001031010212
In base 9, what is 32 + 762043?
762075
In base 8, what is 175010 - -1633?
176643
In base 4, what is 101 - 23323131132?
-23323131031
In base 13, what is 2 - -349832?
349834
In base 13, what is 97 - -47283c?
472906
In base 2, what is 1010101100000011011 + -10110?
1010101100000000101
In base 14, what is 3853b - c4?
38457
In base 14, what is 51459 - -134?
5158d
In base 4, what is -101133212233 - -11?
-101133212222
In base 4, what is -12 - -131013123033?
131013123021
In base 16, what is -1 + -a1336?
-a1337
In base 11, what is 189 + -82489?
-82300
In base 12, what is -a5764 - -5b?
-a5705
In base 14, what is d2 - -45680?
45772
In base 13, what is 13c8c2 + 40?
13c932
In base 8, what is -2360640 + -100?
-2360740
In base 12, what is -5aa + -b79b3?
-b83a1
In base 10, what is -1976128 - 11?
-1976139
In base 10, what is -1516 - -336?
-1180
In base 16, what is 6 + 6338f3?
6338f9
In base 7, what is -1613163 - -2655?
-1610205
In base 12, what is -205ab10 - 12?
-205ab22
In base 14, what is 2d - 10714?
-106c5
In base 12, what is 64a2a + -409?
64621
In base 7, what is -101 + 211246411?
211246310
In base 2, what is 0 + -11001111101000110110000001?
-11001111101000110110000001
In base 8, what is -5065 + 312077?
305012
In base 16, what is 1abd + 46b?
1f28
In base 6, what is 5223 - 54043?
-44420
In base 6, what is -12055125 + 20020?
-12035105
In base 8, what is -17 - -2034515?
2034476
In base 3, what is -2201202001 - -1121222?
-2200010002
In base 5, what is -1230001 - -4224?
-1220222
In base 4, what is -2 + -21212002332?
-21212003000
In base 9, what is -46 + -431706?
-431753
In base 11, what is 186a5 - -287?
18981
In base 6, what is 3340522 + -1313?
3335205
In base 16, what is 1 + 3b9fc3?
3b9fc4
In base 9, what is -830487320 + -5?
-830487325
In base 6, what is 2203531 - 14504?
2145023
In base 10, what is -2 - 1768753?
-1768755
In base 14, what is -32c8d - 15?
-32ca4
In base 2, what is 100100110011100010 - 100010000101?
100100010001011101
In base 6, what is -540023441 - -5?
-540023432
In base 5, what is -20433 + 13422103?
13401120
In base 8, what is 62530644 + -51?
62530573
In base 14, what is 1107821 + 1?
1107822
In base 12, what is -8a07 - 5595?
-123a0
In base 9, what is -5110 - 20317?
-25427
In base 6, what is -3254401132 - 1?
-3254401133
In base 16, what is 1447dac + -5?
1447da7
In base 4, what is -110331011023 + 21?
-110331011002
In base 14, what is -21117c4 + -1a?
-2111800
In base 15, what is -3212 - -3b3?
-2d4e
In base 2, what is -101101010 - 11111101000010011?
-11111101101111101
In base 16, what is 2 + -789ae6?
-789ae4
In base 15, what is -7236 + 101?
-7135
In base 13, what is -7a933 + -1a9?
-7ab0c
In base 10, what is -150 - 180746?
-180896
In base 8, what is 206226400 - 0?
206226400
In base 9, what is 32341632 + -46?
32341575
In base 7, what is 2 + -404633142?
-404633140
In base 2, what is 1010010101001 - -1001110000011?
10100000101100
In base 9, what is -1527 + 210348?
207721
In base 16, what is -48db + 178?
-4763
In base 9, what is -37608 + 64?
-37534
In base 16, what is -12 - -f2e456?
f2e444
In base 4, what is -200 + -3123331?
-3130131
In base 5, what is -3 + 134203240434?
134203240431
In base 13, what is -5 + -23b5935?
-23b593a
In base 6, what is 41 + -135500535?
-135500454
In base 8, what is 4 + 1006226236?
1006226242
In base 2, what is -101100010100110011010 + 10?
-101100010100110011000
In base 7, what is 532106 - -110?
532216
In base 9, what is 1146215 + -408?
1145706
In base 16, what is -b616 - -39?
-b5dd
In base 9, what is -23521324 - -5?
-23521318
In base 14, what is b51448b - -1?
b51448c
In base 9, what is -5358027 + 2?
-5358025
In base 4, what is 30002 + -2220022120?
-2213332112
In base 6, what is -1215 - 131515?
-133134
In base 14, what is -9096 - -643?
-8853
In base 6, what is 12211220 - -244?
12211504
In base 2, what is 1110010111011010 + -110011?
1110010110100111
In base 2, what is 111010111100 - 11010111?
110111100101
In base 10, what is 504071 + 293?
504364
In base 10, what is -1113 - 7421?
-8534
In base 10, what is -1139 + 15?
-1124
In base 14, what is -30 - 7d17bb?
-7d180b
In base 9, what is -12453 - -260?
-12183
In base 5, what is -3331343 - -422?
-3330421
In base 16, what is -20d6eeb - 5?
-20d6ef0
In base 5, what is 1 + 1204211?
1204212
In base 4, what is 20231 + -10211231?
-10131000
In base 11, what is 4143 - 520?
3723
In base 11, what is 6657040 + -2?
6657039
In base 5, what is -203133420 + 140?
-203133230
In base 11, what is -1164 + -2101?
-3265
In base 3, what is -22001011222 + -110022?
-22001122021
In base 4, what is -3 + -1122231111031?
-1122231111100
In base 13, what is 140c8a - -13c?
1410c9
In base 10, what is -7 + 5521345?
5521338
In base 15, what is -5 + 3209da?
3209d5
In base 10, what is 2 - -1677516?
1677518
In base 14, what is -ab - -25b4?
2507
In base 3, what is -1002010102122 - 1200?
-1002010111022
In base 2, what is 101 + 100100010010010110100?
100100010010010111001
In base 3, what is 2 - -1122010001021121?
1122010001021200
In base 10, what is -103921599 - 5?
-103921604
In base 2, what is -1010 + -111011100011111000?
-111011100100000010
In base 15, what is de8e - 4da?
d9a4
In base 13, what is -151120 + 3?
-15111a
In base 8, what is 4032666 + 354?
4033242
In base 2, what is 1 - -1001110000010010000?
1001110000010010001
In base 10, what is 4 - -66332022?
66332026
In base 9, what is 3288610 + 41?
3288651
In base 4, what is -10 + -1222130102202?
-1222130102212
In base 12, what is 3b3bb4 + 430?
3b4424
In base 2, what is 100001001101 + -100110110111?
-101101010
In base 2, what is 101000100011101 - 111101110?
100111100101111
In base 8, what is 10333270 + 36?
10333326
In base 3, what is -222 - -1021000100211?
1021000022212
In base 8, what is -4 + -13547301?
-13547305
In base 16, what is -9 - 8e6f09?
-8e6f12
In base 16, what is 20023e + -2?
20023c
In base 2, what is 100101011011010010100011 + -10?
100101011011010010100001
In base 6, what is 0 + 14554354151?
14554354151
In base 7, what is 631515 - 161?
631324
In base 16, what is 36013ef + -3?
36013ec
In base 4, what is -102022102230 + 1?
-102022102223
In base 3, what is 222121011202221 - 0?
222121011202221
In base 2, what is 0 - 110000101101000001000101111?
-110000101101000001000101111
In base 11, what is -220465a - -16?
-2204644
In base 11, what is -82305248 - 3?
-82305250
In base 12, what is 1585b + 1172?
16a11
In base 16, what is 2 + -28611?
-2860f
In base 5, what is 11333 - 42123?
-30240
In base 13, what is 2 + -140b386a?
-140b3868
In base 5, what is -314310 + 234440?
-24320
In base 7, what is 25 - 22531461?
-22531433
In base 15, what is -7 + -2c3a4?
-2c3ab
In base 13, what is 566 - -3bc?
955